 g**2. Let s be x(1). Calculate the remainder when d(s) is divided by 5.
3
Let b(w) = -7*w**2 + 6*w - 13. Let r(n) = 6*n**2 - 5*n + 14. Let p(t) = 5*b(t) + 6*r(t). Calculate the remainder when 37 is divided by p(0).
18
Let n = 345 + -211. What is the remainder when n is divided by 34?
32
Let x = -27 - -29. What is the remainder when 3 is divided by x?
1
What is the remainder when 12/(-66) - (-1896)/22 is divided by 22?
20
Suppose 2*d - d = 3*m - 12, 4*d = -4*m + 16. Suppose 4*x - 11 = -0*b + b, -m*b = 3*x - 51. Calculate the remainder when 15 is divided by b.
6
Calculate the remainder when 130 is divided by 9/5*550/30.
31
Suppose -6*z + 13*z = 63. What is the remainder when 43 is divided by z?
7
Suppose -4*p + 30 = -2. Suppose 10 = p*v - 3*v, 2*w - 4*v = 58. What is the remainder when w is divided by 9?
6
Let k(i) = 3*i - 59. Calculate the remainder when 4 is divided by k(20).
0
Suppose -m - 5*l - 5 = 2, -2*m + l = -19. What is the remainder when 29 is divided by m?
5
Let n = 20 + -8. Suppose -2*g = 2*g - n. Suppose -3*p = 2*i + 1, 2*i - 2*p = 3*p + 23. What is the remainder when i is divided by g?
1
Suppose y - g - 43 = -y, -2*y + 34 = 2*g. Calculate the remainder when 73 is divided by y.
13
Let g(v) = v**3 - 8*v**2 + v + 4. Suppose -3*r = -2*r - 80. Suppose 3*s + 11 = r. Calculate the remainder when s is divided by g(8).
11
Let c = -8 + 13. Calculate the remainder when 11 is divided by c.
1
Let n(v) = -v**2 - 8*v - 1. Let r be n(-7). What is the remainder when 8 is divided by (-54)/(-15) - r/10?
2
Suppose 5*z = 81 + 74. What is the remainder when 10/(((-39)/(-18))/13) is divided by z?
29
Let z = 12 - 9. Suppose 3 = -a - z*k - 0, -4*a = k - 21. What is the remainder when 9 is divided by a?
3
Suppose 4*q = -0*j + 3*j - 50, 0 = -3*j + 3*q + 48. What is the remainder when j is divided by 8?
6
Let l(n) = 2 + 2*n + 5*n + 8*n. Calculate the remainder when 33 is divided by l(1).
16
Let q(b) = 10*b**3 - 3*b**2 - 7*b + 8. Suppose -41 = -3*z + 46. Calculate the remainder when z is divided by q(1).
5
Suppose -d - 3*o - 2*o + 49 = 0, -4*d + 5*o + 171 = 0. Suppose -3*n = -n + 6, -3*y = -4*n - 39. What is the remainder when d is divided by y?
8
Suppose -3*y + y = -84. Suppose 50 = 5*z + 5*i, -y = -3*z + 3*i - 2*i. What is the remainder when z is divided by 5?
3
Suppose -3*q = -3*c - 3, -3*q + 5 = 2. Let y(o) = -o**3 - o + 9. Calculate the remainder when 17 is divided by y(c).
8
Let d = 54 - 41. What is the remainder when 37 is divided by d?
11
Suppose -438 = 3*g - 6*g. Let y = g - 104. What is the remainder when y is divided by 11?
9
Suppose 549 = 3*d - 0*d. Suppose -18 = -3*u - 4*i + 101, i + d = 5*u. What is the remainder when u is divided by 13?
11
Suppose 3*a - 3*s = 2*s + 12, 4*s = -3*a + 39. Let c = -124 + 127. What is the remainder when a is divided by c?
0
Suppose -50 = -3*g - 2. Calculate the remainder when 26 is divided by g.
10
Suppose 4*h - 68 = -2*i, -5*h - 25 = -0*h. Suppose 0 = -3*m + i + 4. Calculate the remainder when m is divided by 6.
4
Let j = -9 + 15. Suppose -o + 230 = 4*o. Calculate the remainder when o is divided by (54/24)/(j/32).
10
Calculate the remainder when 26*(-3 + 9/2) - -4 is divided by 22.
21
Let v = 6 + -6. Let d(r) = -r**3 + r + 3. Suppose h - 2 = 2. What is the remainder when h is divided by d(v)?
1
Suppose -13 = -v + q, 2*v = v + 2*q + 8. Suppose t + 2*t = -v. What is the remainder when 37 is divided by ((-51)/t + -2)*2?
11
Suppose 0*m - 143 = -2*l - m, l - 79 = m. What is the remainder when l is divided by 19?
17
Let r(u) = -u**2 + 8*u - 8. What is the remainder when 11 is divided by r(6)?
3
Let h(t) = 23*t**3 - t + 1. Let q = -41 + 19. Let r = q + 34. Calculate the remainder when h(1) is divided by r.
11
Suppose -2 = -4*z + 30. What is the remainder when 3 is divided by 4/z*(5 - 1)?
1
Let g = 40 - 18. Let h be (4/5)/(8/20). Suppose -t = -h*t + 12. Calculate the remainder when g is divided by t.
10
Let g(f) = f**2 + 2*f + 9. Let b be g(-9). Suppose 0 = 4*x - b + 24. Calculate the remainder when 35 is divided by x.
11
Let a = -116 + 162. Suppose -110 = -4*g - a. What is the remainder when g is divided by (-3)/(-2)*(4 - 0)?
4
Let j(a) = a + 4. Calculate the remainder when (72/(-16))/(2 - (-75)/(-36)) is divided by j(7).
10
Suppose 3*q + 6 = 0, -j - 20 = -2*j - q. Let a = -10 + j. Suppose 2*k + a = 112. Calculate the remainder when k is divided by 26.
24
Suppose 3*i - i = -4*x - 38, 35 = -4*x - 5*i. Let y(l) = l**2 + 7*l - 9. What is the remainder when y(x) is divided by (11/(-2))/(1/(-2))?
10
Let n(j) be the first derivative of j**4/4 - j**3/3 - j**2/2 + 8*j - 3. What is the remainder when 29 is divided by n(0)?
5
Suppose -4*o - b = -52, 40 = 4*o + o - 5*b. Let l = -14 + 18. Suppose 4*u + 40 = 3*h - 8, l*u = -o. What is the remainder when 23 is divided by h?
11
Suppose -362 = -6*l + 280. What is the remainder when l is divided by 22?
19
Let b(i) = 4*i**2 - 5*i - 4. Calculate the remainder when b(-3) is divided by 16.
15
Let m(s) = 2*s**2 - 4*s + 3. Calculate the remainder when 9 is divided by m(2).
0
Let g(h) = 12*h - 1. Let r(o) = -o - 2. Let b be r(-2). Suppose -3*k + 8*k - 5*n - 5 = b, -n + 1 = k. Calculate the remainder when g(k) is divided by 4.
3
Let m = -13 + 20. Calculate the remainder when m is divided by 4.
3
Let b = 4 + -16. Let x be ((-6)/b)/(1/230). Let z = x - 82. What is the remainder when z is divided by 17?
16
Suppose -4*x - 2*q + 103 = -q, q - 78 = -3*x. Suppose 2*o = o + 21. Let r = o + -8. Calculate the remainder when x is divided by r.
12
Suppose 2*c + 5*x - 67 = -14, -4*x = 4*c - 124. Let b = -26 - -35. Calculate the remainder when c is divided by b.
7
Let k = -8 + 25. Calculate the remainder when 50 is divided by k.
16
Let p(k) = k + 15. Let u(d) = -4*d - 7. What is the remainder when u(-5) is divided by p(-11)?
1
Let d(j) = -j**2 + 26*j + 11. Calculate the remainder when d(25) is divided by 13.
10
Suppose m + m - 154 = 0. Calculate the remainder when m is divided by 20.
17
Let k be 2030/15 + 2/3. Let u(z) = z**2 - z - 4. Calculate the remainder when 2/(-3) + k/24 is divided by u(3).
1
Calculate the remainder when 25 is divided by 24/(-18)*(-1)/((-4)/(-39)).
12
Suppose 3*m = 32 - 5. Let t be (3/(-2) + 2)*4. Suppose -3*p = 5*q + 7 + t, q = 3*p - m. Calculate the remainder when 2 is divided by p.
0
Let c = 9 - 5. Let b = 3 + c. Calculate the remainder when 19 is divided by b.
5
Suppose 5*r - 2*r = 2*u + 330, -5*r - u + 563 = 0. Let h = r - 73. Suppose d = -2*d + h. What is the remainder when d is divided by 7?
6
Let x = -11 - -26. What is the remainder when x is divided by 8?
7
Let k = 21 + -47. Let u = k + 38. Calculate the remainder when u is divided by -2 + 2 - 3 - -10.
5
Suppose -2*c = 2*n - 4*c - 64, 2*n - 58 = 4*c. What is the remainder when n is divided by 85/(6 - 1) + (-2)/(-2)?
17
Suppose q - 260 = -5*k - 80, 165 = 5*k - 2*q. Let l = -5 - -8. Suppose l*f + 2*f - 90 = 0. What is the remainder when k is divided by f?
17
Let k be (-12)/18 + (-2)/6. Let q be ((-15)/10)/(k/(-26)). Let d = 3 - q. What is the remainder when d is divided by 22?
20
Suppose 0 = -0*a - 3*a + 33. Suppose a + 4 = 5*h. Suppose f = 2*v + h*f - 12, -30 = -4*v - f. Calculate the remainder when 15 is divided by v.
7
Let j = 12 + -8. Suppose 5*a + 4*k = 63, 4 = -4*a - j*k + 56. Calculate the remainder when a is divided by 6.
5
Suppose 9*y + 106 = 3*a + 4*y, 3*a - 94 = -y. Let t = a - 7. Calculate the remainder when t is divided by 13.
12
Suppose 3*p - 3*j + 15 = 0, 2*j = 3*p + 6*j + 8. Let q = p - -1. Let b = q + 6. What is the remainder when 7 is divided by b?
1
Suppose 0 - 12 = -3*p. Suppose 2*f - 6 = 2, p*f = -2*x + 48. What is the remainder when 47 is divided by x?
15
Let b(t) = -t**2 - 4*t + 6. Let w be b(-5). Let o be -1 + 1/w + -6. Calculate the remainder when (o/(-4))/(3/12) is divided by 4.
2
Suppose 0 = j + 2 + 1. Calculate the remainder when 2/j + (-69)/(-9) is divided by 4.
3
Let f(p) = -p**3 + 2*p**2 + 2. Let m be f(2). Let h(a) = -2*a**m - 6*a + 2*a**2 - a**2 - 4. What is the remainder when 2 is divided by h(-5)?
0
Let w be 5/(-2)*40/(-25). Let s = -2 + w. What is the remainder when 21 is divided by s*(3 + -2) - -4?
3
Let u(y) = 11*y + 10. Let f(o) = -16*o - 15. Let h(a) = 5*f(a) + 7*u(a). Suppose 0 = 4*r -